{"id":2146,"date":"2026-01-28T01:05:12","date_gmt":"2026-01-27T17:05:12","guid":{"rendered":"https:\/\/languapass.com\/?page_id=2146"},"modified":"2026-01-28T01:08:55","modified_gmt":"2026-01-27T17:08:55","slug":"delf-b2-%e4%bd%9c%e6%96%87-01","status":"publish","type":"page","link":"https:\/\/languapass.com\/?page_id=2146","title":{"rendered":"DELF B2 \u4f5c\u6587  01"},"content":{"rendered":"\t\t<div data-elementor-type=\"wp-page\" data-elementor-id=\"2146\" class=\"elementor elementor-2146\" data-elementor-post-type=\"page\">\n\t\t\t\t<div class=\"elementor-element elementor-element-a4dccec e-flex e-con-boxed e-con e-parent\" data-id=\"a4dccec\" data-element_type=\"container\" data-e-type=\"container\">\n\t\t\t\t\t<div class=\"e-con-inner\">\n\t\t\t\t<div class=\"elementor-element elementor-element-88b38b2 elementor-widget elementor-widget-heading\" data-id=\"88b38b2\" data-element_type=\"widget\" data-e-type=\"widget\" data-widget_type=\"heading.default\">\n\t\t\t\t\t<h2 class=\"elementor-heading-title elementor-size-default\">Music Concert<\/h2>\t\t\t\t<\/div>\n\t\t\t\t\t<\/div>\n\t\t\t\t<\/div>\n\t\t<div class=\"elementor-element elementor-element-df2ad7f e-flex e-con-boxed e-con e-parent\" data-id=\"df2ad7f\" data-element_type=\"container\" data-e-type=\"container\">\n\t\t\t\t\t<div class=\"e-con-inner\">\n\t\t\t\t<div class=\"elementor-element elementor-element-baeaba0 elementor-widget elementor-widget-heading\" data-id=\"baeaba0\" data-element_type=\"widget\" data-e-type=\"widget\" data-widget_type=\"heading.default\">\n\t\t\t\t\t<h2 class=\"elementor-heading-title elementor-size-default\">Question<\/h2>\t\t\t\t<\/div>\n\t\t\t\t\t<\/div>\n\t\t\t\t<\/div>\n\t\t<div class=\"elementor-element elementor-element-850f90c e-flex e-con-boxed e-con e-parent\" data-id=\"850f90c\" data-element_type=\"container\" data-e-type=\"container\">\n\t\t\t\t\t<div class=\"e-con-inner\">\n\t\t<div class=\"elementor-element elementor-element-298b78a e-con-full e-flex e-con e-child\" data-id=\"298b78a\" data-element_type=\"container\" data-e-type=\"container\">\n\t\t\t\t<div class=\"elementor-element elementor-element-76b3c36 elementor-widget__width-initial elementor-widget elementor-widget-text-editor\" data-id=\"76b3c36\" data-element_type=\"widget\" data-e-type=\"widget\" data-widget_type=\"text-editor.default\">\n\t\t\t\t\t\t\t\t\t<p style=\"text-align: center;\">French<!-- notionvc: 55175bcf-95be-4a38-9bff-94a7275dc7a6 --><\/p>\t\t\t\t\t\t\t\t<\/div>\n\t\t\t\t<\/div>\n\t\t<div class=\"elementor-element elementor-element-1a294a4 e-con-full e-flex e-con e-child\" data-id=\"1a294a4\" data-element_type=\"container\" data-e-type=\"container\">\n\t\t\t\t<div class=\"elementor-element elementor-element-1d9009d elementor-widget__width-initial elementor-widget elementor-widget-text-editor\" data-id=\"1d9009d\" data-element_type=\"widget\" data-e-type=\"widget\" data-widget_type=\"text-editor.default\">\n\t\t\t\t\t\t\t\t\t<p style=\"text-align: center;\">English<!-- notionvc: cab7cd99-4a6b-46f7-807a-c7f4e970da3e --><\/p>\t\t\t\t\t\t\t\t<\/div>\n\t\t\t\t<\/div>\n\t\t\t\t\t<\/div>\n\t\t\t\t<\/div>\n\t\t<div class=\"elementor-element elementor-element-3bf3566 e-flex e-con-boxed e-con e-parent\" data-id=\"3bf3566\" data-element_type=\"container\" data-e-type=\"container\">\n\t\t\t\t\t<div class=\"e-con-inner\">\n\t\t<div class=\"elementor-element elementor-element-bbbbd07 e-con-full e-flex e-con e-child\" data-id=\"bbbbd07\" data-element_type=\"container\" data-e-type=\"container\">\n\t\t\t\t<div class=\"elementor-element elementor-element-b107d46 elementor-widget__width-initial elementor-widget elementor-widget-text-editor\" data-id=\"b107d46\" data-element_type=\"widget\" data-e-type=\"widget\" data-widget_type=\"text-editor.default\">\n\t\t\t\t\t\t\t\t\t<p>Vous habitez dans une ville francophone\u00a0qui organise chaque ann\u00e9e un grand concert gratuit pour marquer la fin de l\u2019\u00e9t\u00e9. Pour des raisons financi\u00e8res, votre ville annonce qu\u2019elle veut <span class=\"notion-enable-hover\" data-token-index=\"1\">supprimer<\/span> cet \u00e9v\u00e9nement musical. Vous \u00e9crivez au maire de la ville pour le persuader, <span class=\"notion-enable-hover\" data-token-index=\"3\">\u00e0 l\u2019aide d<\/span>\u2019arguments et d\u2019exemples pr\u00e9cis, des avantages culturels et touristiques que ce concert repr\u00e9sente. Vous insistez \u00e9galement sur l\u2019int\u00e9r\u00eat \u00e9conomique de cette manifestation pour les commer\u00e7ants et les artistes de la r\u00e9gion.\u00a0<span class=\"notion-enable-hover\" data-token-index=\"5\">(250\u00a0mots minimum)<\/span><!-- notionvc: affc988f-1fd3-4b89-9fcc-ff7e97244f1a --><br \/><!-- notionvc: 55175bcf-95be-4a38-9bff-94a7275dc7a6 --><\/p>\t\t\t\t\t\t\t\t<\/div>\n\t\t\t\t<\/div>\n\t\t<div class=\"elementor-element elementor-element-3d1b266 e-con-full e-flex e-con e-child\" data-id=\"3d1b266\" data-element_type=\"container\" data-e-type=\"container\">\n\t\t\t\t<div class=\"elementor-element elementor-element-cc82668 elementor-widget__width-initial elementor-widget elementor-widget-text-editor\" data-id=\"cc82668\" data-element_type=\"widget\" data-e-type=\"widget\" data-widget_type=\"text-editor.default\">\n\t\t\t\t\t\t\t\t\t<p>You live in a French-speaking city that organizes a large free concert every year to mark the end of summer. For financial reasons, your city announces that it wants to <span class=\"notion-enable-hover\" data-token-index=\"1\">cancel<\/span> this musical event. <span class=\"notion-enable-hover\" data-token-index=\"3\">You write to the mayor of<\/span> the city to persuade them, <span class=\"notion-enable-hover\" data-token-index=\"5\">using\uff08with the help of\uff09<\/span> specific arguments and examples, of the cultural and tourism benefits that this concert represents. You also insist on the economic interest of this event for local businesses and artists in the region.\u00a0<span class=\"notion-enable-hover\" data-token-index=\"7\">(250 words minimum)<\/span><!-- notionvc: 8143fa33-26e3-41bf-bf83-6896ec6b9c3d --><br \/><!-- notionvc: cab7cd99-4a6b-46f7-807a-c7f4e970da3e --><\/p>\t\t\t\t\t\t\t\t<\/div>\n\t\t\t\t<\/div>\n\t\t\t\t\t<\/div>\n\t\t\t\t<\/div>\n\t\t<div class=\"elementor-element elementor-element-3e53315 e-flex e-con-boxed e-con e-parent\" data-id=\"3e53315\" data-element_type=\"container\" data-e-type=\"container\">\n\t\t\t\t\t<div class=\"e-con-inner\">\n\t\t\t\t<div class=\"elementor-element elementor-element-3f3c803 elementor-widget elementor-widget-heading\" data-id=\"3f3c803\" data-element_type=\"widget\" data-e-type=\"widget\" data-widget_type=\"heading.default\">\n\t\t\t\t\t<h2 class=\"elementor-heading-title elementor-size-default\">R\u00e9ponse<\/h2>\t\t\t\t<\/div>\n\t\t\t\t\t<\/div>\n\t\t\t\t<\/div>\n\t\t<div class=\"elementor-element elementor-element-b307e39 e-flex e-con-boxed e-con e-parent\" data-id=\"b307e39\" data-element_type=\"container\" data-e-type=\"container\">\n\t\t\t\t\t<div class=\"e-con-inner\">\n\t\t<div class=\"elementor-element elementor-element-dbd2a3c e-con-full e-flex e-con e-child\" data-id=\"dbd2a3c\" data-element_type=\"container\" data-e-type=\"container\">\n\t\t\t\t<div class=\"elementor-element elementor-element-2212126 elementor-widget elementor-widget-text-editor\" data-id=\"2212126\" data-element_type=\"widget\" data-e-type=\"widget\" data-widget_type=\"text-editor.default\">\n\t\t\t\t\t\t\t\t\t<p><span class=\"notion-enable-hover\" data-token-index=\"0\">\u7531ChatGPT\u751f\u6210\uff0c\uff0822+ \/ 25\uff09<\/span><!-- notionvc: 9b26af33-27a7-4478-aecd-20194798da3b --><\/p>\t\t\t\t\t\t\t\t<\/div>\n\t\t\t\t<\/div>\n\t\t\t\t\t<\/div>\n\t\t\t\t<\/div>\n\t\t<div class=\"elementor-element elementor-element-446def7 e-flex e-con-boxed e-con e-parent\" data-id=\"446def7\" data-element_type=\"container\" data-e-type=\"container\">\n\t\t\t\t\t<div class=\"e-con-inner\">\n\t\t\t\t<div class=\"elementor-element elementor-element-98371e4 elementor-widget elementor-widget-heading\" data-id=\"98371e4\" data-element_type=\"widget\" data-e-type=\"widget\" data-widget_type=\"heading.default\">\n\t\t\t\t\t<h2 class=\"elementor-heading-title elementor-size-default\">Subject\uff1aMaintien du grand concert de fin d\u2019\u00e9t\u00e9<\/h2>\t\t\t\t<\/div>\n\t\t\t\t\t<\/div>\n\t\t\t\t<\/div>\n\t\t<div class=\"elementor-element elementor-element-290aa70 e-flex e-con-boxed e-con e-parent\" data-id=\"290aa70\" data-element_type=\"container\" data-e-type=\"container\">\n\t\t\t\t\t<div class=\"e-con-inner\">\n\t\t<div class=\"elementor-element elementor-element-73aa304 e-con-full e-flex e-con e-child\" data-id=\"73aa304\" data-element_type=\"container\" data-e-type=\"container\">\n\t\t\t\t<div class=\"elementor-element elementor-element-ebd4d96 elementor-widget__width-initial elementor-widget elementor-widget-text-editor\" data-id=\"ebd4d96\" data-element_type=\"widget\" data-e-type=\"widget\" data-widget_type=\"text-editor.default\">\n\t\t\t\t\t\t\t\t\t<p>Monsieur le Maire,<!-- notionvc: 839e1d0c-8c76-4528-8dcd-a1da7c2a75c7 --><\/p><p>Habitant de notre ville depuis plusieurs ann\u00e9es, j\u2019ai appris<span class=\"notion-enable-hover\" data-token-index=\"1\"> avec regret <\/span>votre intention de supprimer le grand concert gratuit organis\u00e9 chaque fin d\u2019\u00e9t\u00e9 pour des raisons financi\u00e8res. Je comprends les contraintes budg\u00e9taires auxquelles la municipalit\u00e9 doit faire face, mais je souhaite vous convaincre que cet \u00e9v\u00e9nement repr\u00e9sente un <span class=\"notion-enable-hover\" data-token-index=\"3\">atout<\/span> culturel, touristique et \u00e9conomique majeur pour notre ville.<!-- notionvc: 62cecbd8-93cf-405a-b0f7-bad38996d306 --><\/p>\t\t\t\t\t\t\t\t<\/div>\n\t\t\t\t<\/div>\n\t\t<div class=\"elementor-element elementor-element-c3ae5eb e-con-full e-flex e-con e-child\" data-id=\"c3ae5eb\" data-element_type=\"container\" data-e-type=\"container\">\n\t\t\t\t<div class=\"elementor-element elementor-element-4d0136c elementor-widget__width-initial elementor-widget elementor-widget-text-editor\" data-id=\"4d0136c\" data-element_type=\"widget\" data-e-type=\"widget\" data-widget_type=\"text-editor.default\">\n\t\t\t\t\t\t\t\t\t<p>Dear Mr Mayor,<\/p><p>As a resident of our city for several years, I learned <span class=\"notion-enable-hover\" data-token-index=\"1\">with regret of <\/span>your intention to cancel the free concert held every year at the end of summer for financial reasons. I understand the budgetary constraints faced by the municipality; however, I would like to convince you that this event represents a major cultural, tourist, and economic <span class=\"notion-enable-hover\" data-token-index=\"3\">asset<\/span> for our city.<!-- notionvc: b0fbfdd9-0afe-4fe4-833b-1dfbf750633a --><\/p>\t\t\t\t\t\t\t\t<\/div>\n\t\t\t\t<\/div>\n\t\t\t\t\t<\/div>\n\t\t\t\t<\/div>\n\t\t<div class=\"elementor-element elementor-element-51fe137 e-flex e-con-boxed e-con e-parent\" data-id=\"51fe137\" data-element_type=\"container\" data-e-type=\"container\">\n\t\t\t\t\t<div class=\"e-con-inner\">\n\t\t<div class=\"elementor-element elementor-element-0c3c2c8 e-con-full e-flex e-con e-child\" data-id=\"0c3c2c8\" data-element_type=\"container\" data-e-type=\"container\">\n\t\t\t\t<div class=\"elementor-element elementor-element-d4582d1 elementor-widget__width-initial elementor-widget elementor-widget-text-editor\" data-id=\"d4582d1\" data-element_type=\"widget\" data-e-type=\"widget\" data-widget_type=\"text-editor.default\">\n\t\t\t\t\t\t\t\t\t<p>Tout d\u2019abord, ce concert joue un r\u00f4le culturel essentiel. Il permet aux habitants de tous \u00e2ges et de tous milieux sociaux d\u2019acc\u00e9der gratuitement \u00e0 la musique et de partager un moment de convivialit\u00e9. Chaque ann\u00e9e, la programmation met en valeur des styles vari\u00e9s et donne souvent la sc\u00e8ne \u00e0 des artistes locaux, contribuant ainsi \u00e0 la diversit\u00e9 culturelle et \u00e0 la promotion de la cr\u00e9ation r\u00e9gionale.<!-- notionvc: 93cc67eb-9081-45d6-b40d-ce3ef05ea21f --><\/p>\t\t\t\t\t\t\t\t<\/div>\n\t\t\t\t<\/div>\n\t\t<div class=\"elementor-element elementor-element-7f225b4 e-con-full e-flex e-con e-child\" data-id=\"7f225b4\" data-element_type=\"container\" data-e-type=\"container\">\n\t\t\t\t<div class=\"elementor-element elementor-element-61b8dd9 elementor-widget__width-initial elementor-widget elementor-widget-text-editor\" data-id=\"61b8dd9\" data-element_type=\"widget\" data-e-type=\"widget\" data-widget_type=\"text-editor.default\">\n\t\t\t\t\t\t\t\t\t<p>First of all, this concert plays an essential cultural role. It allows residents of all ages and social backgrounds to enjoy music free of charge and to share a moment of togetherness. Every year, the program highlights a wide variety of musical styles and often gives the stage to local artists, thereby contributing to cultural diversity and promoting regional artistic creation.<!-- notionvc: 12f3659b-cd2d-44e8-8f2d-baa1ebb72caf --><\/p>\t\t\t\t\t\t\t\t<\/div>\n\t\t\t\t<\/div>\n\t\t\t\t\t<\/div>\n\t\t\t\t<\/div>\n\t\t<div class=\"elementor-element elementor-element-1071b0e e-flex e-con-boxed e-con e-parent\" data-id=\"1071b0e\" data-element_type=\"container\" data-e-type=\"container\">\n\t\t\t\t\t<div class=\"e-con-inner\">\n\t\t<div class=\"elementor-element elementor-element-4f4296b e-con-full e-flex e-con e-child\" data-id=\"4f4296b\" data-element_type=\"container\" data-e-type=\"container\">\n\t\t\t\t<div class=\"elementor-element elementor-element-55bb9e1 elementor-widget__width-initial elementor-widget elementor-widget-text-editor\" data-id=\"55bb9e1\" data-element_type=\"widget\" data-e-type=\"widget\" data-widget_type=\"text-editor.default\">\n\t\t\t\t\t\t\t\t\t<p>Ensuite, cet \u00e9v\u00e9nement constitue un v\u00e9ritable moteur touristique. Le concert attire de nombreux visiteurs venant des villes voisines, voire de l\u2019\u00e9tranger. Ces touristes d\u00e9couvrent notre patrimoine, nos paysages et notre dynamisme culturel, ce qui am\u00e9liore l\u2019image de la ville et favorise un tourisme durable.<!-- notionvc: fe309097-5e6f-4c48-a5c5-b7fe2127a329 --><\/p><p><!-- notionvc: 5627be48-33ca-4d78-8d18-f2e5b64d8f02 --><\/p>\t\t\t\t\t\t\t\t<\/div>\n\t\t\t\t<\/div>\n\t\t<div class=\"elementor-element elementor-element-a31f477 e-con-full e-flex e-con e-child\" data-id=\"a31f477\" data-element_type=\"container\" data-e-type=\"container\">\n\t\t\t\t<div class=\"elementor-element elementor-element-ba70989 elementor-widget__width-initial elementor-widget elementor-widget-text-editor\" data-id=\"ba70989\" data-element_type=\"widget\" data-e-type=\"widget\" data-widget_type=\"text-editor.default\">\n\t\t\t\t\t\t\t\t\t<p>Furthermore, this event is a real driving force for tourism. The concert attracts many visitors from neighboring cities and even from abroad. These tourists discover our heritage, our landscapes, and our cultural vitality, which enhances the city\u2019s image and encourages sustainable tourism.<!-- notionvc: 403bc311-6fab-410f-8cee-8e67cf459b49 --><\/p>\t\t\t\t\t\t\t\t<\/div>\n\t\t\t\t<\/div>\n\t\t\t\t\t<\/div>\n\t\t\t\t<\/div>\n\t\t<div class=\"elementor-element elementor-element-4ff9dfa e-flex e-con-boxed e-con e-parent\" data-id=\"4ff9dfa\" data-element_type=\"container\" data-e-type=\"container\">\n\t\t\t\t\t<div class=\"e-con-inner\">\n\t\t<div class=\"elementor-element elementor-element-d1b0d01 e-con-full e-flex e-con e-child\" data-id=\"d1b0d01\" data-element_type=\"container\" data-e-type=\"container\">\n\t\t\t\t<div class=\"elementor-element elementor-element-92640a1 elementor-widget__width-initial elementor-widget elementor-widget-text-editor\" data-id=\"92640a1\" data-element_type=\"widget\" data-e-type=\"widget\" data-widget_type=\"text-editor.default\">\n\t\t\t\t\t\t\t\t\t<p>Enfin, l\u2019impact \u00e9conomique de cette manifestation ne doit pas \u00eatre sous-estim\u00e9. Pendant le concert, les restaurants, caf\u00e9s, h\u00f4tels et commerces r\u00e9alisent un chiffre d\u2019affaires nettement sup\u00e9rieur \u00e0 la normale. De plus, les artistes et techniciens de la r\u00e9gion b\u00e9n\u00e9ficient d\u2019opportunit\u00e9s professionnelles pr\u00e9cieuses, renfor\u00e7ant ainsi l\u2019\u00e9conomie locale.<!-- notionvc: 809aa88f-cbf5-472c-b536-d5aef9f9298d --><\/p>\t\t\t\t\t\t\t\t<\/div>\n\t\t\t\t<\/div>\n\t\t<div class=\"elementor-element elementor-element-405ae20 e-con-full e-flex e-con e-child\" data-id=\"405ae20\" data-element_type=\"container\" data-e-type=\"container\">\n\t\t\t\t<div class=\"elementor-element elementor-element-c3acca2 elementor-widget__width-initial elementor-widget elementor-widget-text-editor\" data-id=\"c3acca2\" data-element_type=\"widget\" data-e-type=\"widget\" data-widget_type=\"text-editor.default\">\n\t\t\t\t\t\t\t\t\t<p>Finally, the economic impact of this event should not be underestimated. During the concert, restaurants, caf\u00e9s, hotels, and shops achieve a turnover significantly higher than usual. In addition, local artists and technicians benefit from valuable professional opportunities, thus strengthening the local economy.<!-- notionvc: a7dabcce-d541-4a59-9de5-06eb7130acd3 --><\/p>\t\t\t\t\t\t\t\t<\/div>\n\t\t\t\t<\/div>\n\t\t\t\t\t<\/div>\n\t\t\t\t<\/div>\n\t\t<div class=\"elementor-element elementor-element-7ee1e50 e-flex e-con-boxed e-con e-parent\" data-id=\"7ee1e50\" data-element_type=\"container\" data-e-type=\"container\">\n\t\t\t\t\t<div class=\"e-con-inner\">\n\t\t<div class=\"elementor-element elementor-element-58ecaa5 e-con-full e-flex e-con e-child\" data-id=\"58ecaa5\" data-element_type=\"container\" data-e-type=\"container\">\n\t\t\t\t<div class=\"elementor-element elementor-element-65c0b28 elementor-widget__width-initial elementor-widget elementor-widget-text-editor\" data-id=\"65c0b28\" data-element_type=\"widget\" data-e-type=\"widget\" data-widget_type=\"text-editor.default\">\n\t\t\t\t\t\t\t\t\t<p>Pour toutes ces raisons, je vous invite \u00e0 envisager des solutions alternatives, comme des partenariats priv\u00e9s ou un financement participatif, afin de pr\u00e9server cet \u00e9v\u00e9nement f\u00e9d\u00e9rateur.<!-- notionvc: 02a6ba92-f5d1-41cc-8c78-43d7efa52645 --><\/p>\t\t\t\t\t\t\t\t<\/div>\n\t\t\t\t<\/div>\n\t\t<div class=\"elementor-element elementor-element-92ca915 e-con-full e-flex e-con e-child\" data-id=\"92ca915\" data-element_type=\"container\" data-e-type=\"container\">\n\t\t\t\t<div class=\"elementor-element elementor-element-036e2de elementor-widget__width-initial elementor-widget elementor-widget-text-editor\" data-id=\"036e2de\" data-element_type=\"widget\" data-e-type=\"widget\" data-widget_type=\"text-editor.default\">\n\t\t\t\t\t\t\t\t\t<p>For all these reasons, I invite you to consider alternative solutions, such as private partnerships or crowdfunding, in order to preserve this unifying event.<!-- notionvc: f0b1a03c-197a-40b0-8c1e-c89dfaf40fdc --><\/p>\t\t\t\t\t\t\t\t<\/div>\n\t\t\t\t<\/div>\n\t\t\t\t\t<\/div>\n\t\t\t\t<\/div>\n\t\t<div class=\"elementor-element elementor-element-cdc2c53 e-flex e-con-boxed e-con e-parent\" data-id=\"cdc2c53\" data-element_type=\"container\" data-e-type=\"container\">\n\t\t\t\t\t<div class=\"e-con-inner\">\n\t\t<div class=\"elementor-element elementor-element-9eb60a5 e-con-full e-flex e-con e-child\" data-id=\"9eb60a5\" data-element_type=\"container\" data-e-type=\"container\">\n\t\t\t\t<div class=\"elementor-element elementor-element-93aebb8 elementor-widget__width-initial elementor-widget elementor-widget-text-editor\" data-id=\"93aebb8\" data-element_type=\"widget\" data-e-type=\"widget\" data-widget_type=\"text-editor.default\">\n\t\t\t\t\t\t\t\t\t<p>Je vous prie d\u2019agr\u00e9er, Monsieur le Maire, l\u2019expression de ma consid\u00e9ration distingu\u00e9e.<\/p><p>Un citoyen concern\u00e9<\/p><p><!-- notionvc: 4ddcb7af-45e3-4372-8335-854d4880bd70 --><\/p>\t\t\t\t\t\t\t\t<\/div>\n\t\t\t\t<\/div>\n\t\t<div class=\"elementor-element elementor-element-01afd21 e-con-full e-flex e-con e-child\" data-id=\"01afd21\" data-element_type=\"container\" data-e-type=\"container\">\n\t\t\t\t<div class=\"elementor-element elementor-element-f62104c elementor-widget__width-initial elementor-widget elementor-widget-text-editor\" data-id=\"f62104c\" data-element_type=\"widget\" data-e-type=\"widget\" data-widget_type=\"text-editor.default\">\n\t\t\t\t\t\t\t\t\t<p>Yours sincerely, (= Please accept, Mr Mayor, the assurance of my highest consideration.)<\/p>\n<p>A concerned citizen<!-- notionvc: 6eaebb8f-8a85-4ebb-a075-9a2dfaca422f --><\/p>\t\t\t\t\t\t\t\t<\/div>\n\t\t\t\t<\/div>\n\t\t\t\t\t<\/div>\n\t\t\t\t<\/div>\n\t\t<div class=\"elementor-element elementor-element-4fe624b e-flex e-con-boxed e-con e-parent\" data-id=\"4fe624b\" data-element_type=\"container\" data-e-type=\"container\">\n\t\t\t\t\t<div class=\"e-con-inner\">\n\t\t<div class=\"elementor-element elementor-element-3084439 e-con-full e-flex e-con e-child\" data-id=\"3084439\" data-element_type=\"container\" data-e-type=\"container\">\n\t\t\t\t<div class=\"elementor-element elementor-element-39183c6 elementor-widget elementor-widget-image\" data-id=\"39183c6\" data-element_type=\"widget\" data-e-type=\"widget\" data-widget_type=\"image.default\">\n\t\t\t\t\t\t\t\t\t\t\t\t\t\t\t<img fetchpriority=\"high\" decoding=\"async\" width=\"256\" height=\"256\" src=\"https:\/\/languapass.com\/wp-content\/uploads\/2026\/01\/XiaohongshuLOGO.png\" class=\"attachment-large size-large wp-image-2077\" alt=\"\" srcset=\"https:\/\/languapass.com\/wp-content\/uploads\/2026\/01\/XiaohongshuLOGO.png 256w, https:\/\/languapass.com\/wp-content\/uploads\/2026\/01\/XiaohongshuLOGO-150x150.png 150w\" sizes=\"(max-width: 256px) 100vw, 256px\" \/>\t\t\t\t\t\t\t\t\t\t\t\t\t\t\t<\/div>\n\t\t\t\t<\/div>\n\t\t<div class=\"elementor-element elementor-element-0ef4ee2 e-con-full e-flex e-con e-child\" data-id=\"0ef4ee2\" data-element_type=\"container\" data-e-type=\"container\">\n\t\t<div class=\"elementor-element elementor-element-78c9b84 e-con-full e-flex e-con e-child\" data-id=\"78c9b84\" data-element_type=\"container\" data-e-type=\"container\">\n\t\t\t\t<div class=\"elementor-element elementor-element-fefddfa elementor-widget elementor-widget-text-editor\" data-id=\"fefddfa\" data-element_type=\"widget\" data-e-type=\"widget\" data-widget_type=\"text-editor.default\">\n\t\t\t\t\t\t\t\t\t<p>LanguaPass<\/p>\t\t\t\t\t\t\t\t<\/div>\n\t\t\t\t<\/div>\n\t\t<div class=\"elementor-element elementor-element-860ed91 e-con-full e-flex e-con e-child\" data-id=\"860ed91\" data-element_type=\"container\" data-e-type=\"container\">\n\t\t\t\t<div class=\"elementor-element elementor-element-add502c elementor-widget elementor-widget-text-editor\" data-id=\"add502c\" data-element_type=\"widget\" data-e-type=\"widget\" data-widget_type=\"text-editor.default\">\n\t\t\t\t\t\t\t\t\t<p>rednoteID: 6759669936<\/p>\t\t\t\t\t\t\t\t<\/div>\n\t\t\t\t<\/div>\n\t\t\t\t<\/div>\n\t\t\t\t\t<\/div>\n\t\t\t\t<\/div>\n\t\t\t\t<\/div>\n\t\t","protected":false},"excerpt":{"rendered":"<p>Music Concert Question French English Vous habitez dans [&hellip;]<\/p>\n","protected":false},"author":1,"featured_media":0,"parent":0,"menu_order":0,"comment_status":"closed","ping_status":"closed","template":"","meta":{"footnotes":""},"folder":[26],"class_list":["post-2146","page","type-page","status-publish","hentry"],"_links":{"self":[{"href":"https:\/\/languapass.com\/index.php?rest_route=\/wp\/v2\/pages\/2146","targetHints":{"allow":["GET"]}}],"collection":[{"href":"https:\/\/languapass.com\/index.php?rest_route=\/wp\/v2\/pages"}],"about":[{"href":"https:\/\/languapass.com\/index.php?rest_route=\/wp\/v2\/types\/page"}],"author":[{"embeddable":true,"href":"https:\/\/languapass.com\/index.php?rest_route=\/wp\/v2\/users\/1"}],"replies":[{"embeddable":true,"href":"https:\/\/languapass.com\/index.php?rest_route=%2Fwp%2Fv2%2Fcomments&post=2146"}],"version-history":[{"count":4,"href":"https:\/\/languapass.com\/index.php?rest_route=\/wp\/v2\/pages\/2146\/revisions"}],"predecessor-version":[{"id":2151,"href":"https:\/\/languapass.com\/index.php?rest_route=\/wp\/v2\/pages\/2146\/revisions\/2151"}],"wp:attachment":[{"href":"https:\/\/languapass.com\/index.php?rest_route=%2Fwp%2Fv2%2Fmedia&parent=2146"}],"wp:term":[{"taxonomy":"folder","embeddable":true,"href":"https:\/\/languapass.com\/index.php?rest_route=%2Fwp%2Fv2%2Ffolder&post=2146"}],"curies":[{"name":"wp","href":"https:\/\/api.w.org\/{rel}","templated":true}]}}